{"id":3051,"date":"2024-02-07T15:02:45","date_gmt":"2024-02-07T15:02:45","guid":{"rendered":"https:\/\/serene-chatelet.138-201-86-160.plesk.page\/?page_id=3051"},"modified":"2024-03-13T20:49:35","modified_gmt":"2024-03-13T20:49:35","slug":"druck-uv-direktdruck","status":"publish","type":"page","link":"https:\/\/dinyx.de\/index.php\/druck-uv-direktdruck\/","title":{"rendered":"Druck UV Direktdruck"},"content":{"rendered":"\t\t<div data-elementor-type=\"wp-page\" data-elementor-id=\"3051\" class=\"elementor elementor-3051\" data-elementor-post-type=\"page\">\n\t\t\t\t<div class=\"elementor-element elementor-element-30191bb e-flex e-con-boxed e-con e-parent\" data-id=\"30191bb\" data-element_type=\"container\">\n\t\t\t\t\t<div class=\"e-con-inner\">\n\t\t<div class=\"elementor-element elementor-element-cd483e4 e-con-full e-flex e-con e-child\" data-id=\"cd483e4\" data-element_type=\"container\">\n\t\t\t\t<div class=\"elementor-element elementor-element-1b8438f elementor-widget elementor-widget-heading\" data-id=\"1b8438f\" data-element_type=\"widget\" data-widget_type=\"heading.default\">\n\t\t\t\t\t<h2 class=\"elementor-heading-title elementor-size-default\">Entdecken Sie den Digitaldruck neu<\/h2>\t\t\t\t<\/div>\n\t\t\t\t<div class=\"elementor-element elementor-element-ba1de3f elementor-widget elementor-widget-heading\" data-id=\"ba1de3f\" data-element_type=\"widget\" data-widget_type=\"heading.default\">\n\t\t\t\t\t<h1 class=\"elementor-heading-title elementor-size-default\">Plattendirektdruck in Hannover<\/h1>\t\t\t\t<\/div>\n\t\t\t\t<div class=\"elementor-element elementor-element-3f36769 elementor-widget elementor-widget-text-editor\" data-id=\"3f36769\" data-element_type=\"widget\" data-widget_type=\"text-editor.default\">\n\t\t\t\t\t\t\t\t\t<p>UV-Plattendrucksystem OC\u00c8 Arizona 1360 XT mit wei\u00df<\/p><p>Mit dem Plattendirektdruck erschlie\u00dfen sich <strong>ungeahnte neue M\u00f6glichkeiten im Digitaldruck<\/strong>. Die Arizona ist ein UV-Drucksystem, mit dem wir starre Materialien bis zu einem Format von 250 x 308 cm und einer St\u00e4rke von 50 mm direkt bedrucken k\u00f6nnen.<\/p><p>Durch die neue LED UV-Technologie kann der Bedruckstoff beim Plattendirektdruck nach dem Bedrucken sofort verwendet werden. Es fallen <strong>keine Trocknungszeiten<\/strong> an, da es sich bei der Farbe um &#8222;fl\u00fcssiges Polyester&#8220; handelt, das durch die starken LED UV-Lampen sofort aush\u00e4rtet.<\/p><p>Die neu Touchstone Technologie liefert aufregende <strong>Reliefdrucke<\/strong>. Wir erstellen einzigartige Texturen, Flachreliefe oder metallische Akzente die ideal f\u00fcr Beschriftungen, Beschilderungen, Dekore und Verpackungen sind.<\/p><p>Eine weitere Besonderheit dieser Maschine besteht darin, dass wir mehrfach zu 100 Prozent passgenau \u00fcber die gleiche Stelle drucken k\u00f6nnen, um den Farbauftrag bei stark saugenden Materialien zu erh\u00f6hen. Hierdurch erzeugen wir ein <strong>brillianteres Druckbild<\/strong>.<\/p><p>Die Platten werden hierbei mit Unterdruck fixiert. Hinzu kommt die Rollenoption, mit der dinyx aus Hannover flexible Materialien bis zu einer Breite von 218 cm bei einer Aufl\u00f6sung von 1440 dpi bedrucken kann.<\/p><h5>Ungeahnte M\u00f6glichkeiten durch Plattendirektdruck in Hannover<\/h5><p>Mit der Sonderfarbe Wei\u00df als zus\u00e4tzliche Druckfarbe lassen sich auch dunkle Materialien problemlos bedrucken. Egal, ob schwarzes Forex, Holzplatten oder Plexiglas \u2013 das Druckergebnis ist immer perfekt! Beim Plattendirektdruck wird mit einer variablen Tr\u00f6pfchengr\u00f6\u00dfe gearbeitet, mit der diese hohe Aufl\u00f6sung erreicht wird.<\/p><p>Mit dieser Technologie bedrucken wir in Hannover unter anderem Plexiglas, Glas, Dibond, Forex, Aluminium, T\u00fcrbl\u00e4tter, Acoustic Schaumplatten, Plane, Papier, Mesh B1, PopUp Film etc. \u2013 die M\u00f6glichkeiten im Plattendirektdruck sind fast unbegrenzt!<\/p><p><strong>Besuchen Sie uns in Hannover \u2013 unsere Qualit\u00e4t und der Preis werden Sie \u00fcberzeugen!<\/strong><\/p>\t\t\t\t\t\t\t\t<\/div>\n\t\t\t\t<\/div>\n\t\t<div class=\"elementor-element elementor-element-3846258 e-con-full e-flex e-con e-child\" data-id=\"3846258\" data-element_type=\"container\">\n\t\t\t\t<div class=\"elementor-element elementor-element-d812323 elementor-widget elementor-widget-image\" data-id=\"d812323\" data-element_type=\"widget\" data-widget_type=\"image.default\">\n\t\t\t\t\t\t\t\t\t\t\t\t\t\t\t<img fetchpriority=\"high\" decoding=\"async\" width=\"720\" height=\"476\" src=\"https:\/\/dinyx.de\/wp-content\/uploads\/2024\/03\/Arizona_1340_1360_1380_XT_RMO_Elevated_Right_Angle_800x1275-1.webp\" class=\"attachment-medium_large size-medium_large wp-image-3080\" alt=\"\" srcset=\"https:\/\/dinyx.de\/wp-content\/uploads\/2024\/03\/Arizona_1340_1360_1380_XT_RMO_Elevated_Right_Angle_800x1275-1.webp 720w, https:\/\/dinyx.de\/wp-content\/uploads\/2024\/03\/Arizona_1340_1360_1380_XT_RMO_Elevated_Right_Angle_800x1275-1-300x198.webp 300w\" sizes=\"(max-width: 720px) 100vw, 720px\" \/>\t\t\t\t\t\t\t\t\t\t\t\t\t\t\t<\/div>\n\t\t\t\t<div class=\"elementor-element elementor-element-d87cc6e elementor-widget elementor-widget-text-editor\" data-id=\"d87cc6e\" data-element_type=\"widget\" data-widget_type=\"text-editor.default\">\n\t\t\t\t\t\t\t\t\t<p>Wichtig: F\u00fcr den Druck mit der Sonderfarbe Wei\u00df m\u00fcssen Ihre Daten in einem genau definierten Rahmen angelegt werden. Laden Sie hier die <strong>PDF-Anleitung<\/strong> f\u00fcr die Erstellung der Daten herunter.<\/p>\t\t\t\t\t\t\t\t<\/div>\n\t\t\t\t<\/div>\n\t\t\t\t\t<\/div>\n\t\t\t\t<\/div>\n\t\t<div class=\"elementor-element elementor-element-8bba981 e-flex e-con-boxed e-con e-parent\" data-id=\"8bba981\" data-element_type=\"container\" data-settings=\"{&quot;background_background&quot;:&quot;classic&quot;}\">\n\t\t\t\t\t<div class=\"e-con-inner\">\n\t\t\t\t<div class=\"elementor-element elementor-element-838a816 elementor-widget elementor-widget-gallery\" data-id=\"838a816\" data-element_type=\"widget\" data-settings=\"{&quot;gallery_layout&quot;:&quot;justified&quot;,&quot;gap&quot;:{&quot;unit&quot;:&quot;px&quot;,&quot;size&quot;:20,&quot;sizes&quot;:[]},&quot;lazyload&quot;:&quot;yes&quot;,&quot;ideal_row_height&quot;:{&quot;unit&quot;:&quot;px&quot;,&quot;size&quot;:200,&quot;sizes&quot;:[]},&quot;ideal_row_height_tablet&quot;:{&quot;unit&quot;:&quot;px&quot;,&quot;size&quot;:150,&quot;sizes&quot;:[]},&quot;ideal_row_height_mobile&quot;:{&quot;unit&quot;:&quot;px&quot;,&quot;size&quot;:150,&quot;sizes&quot;:[]},&quot;gap_tablet&quot;:{&quot;unit&quot;:&quot;px&quot;,&quot;size&quot;:10,&quot;sizes&quot;:[]},&quot;gap_mobile&quot;:{&quot;unit&quot;:&quot;px&quot;,&quot;size&quot;:10,&quot;sizes&quot;:[]},&quot;link_to&quot;:&quot;file&quot;,&quot;overlay_background&quot;:&quot;yes&quot;,&quot;content_hover_animation&quot;:&quot;fade-in&quot;}\" data-widget_type=\"gallery.default\">\n\t\t\t\t\t\t\t<div class=\"elementor-gallery__container\">\n\t\t\t\t\t\t\t<a class=\"e-gallery-item elementor-gallery-item elementor-animated-content\" href=\"https:\/\/dinyx.de\/wp-content\/uploads\/2024\/01\/dinyx_direktdruck_hannover_17.jpg\" data-elementor-open-lightbox=\"yes\" data-elementor-lightbox-slideshow=\"838a816\" data-elementor-lightbox-title=\"dinyX - digitaldruck &amp; werbetechnik in Hannover\" data-elementor-lightbox-description=\"dinyX - digitaldruck &amp; werbetechnik in Hannover\" data-e-action-hash=\"#elementor-action%3Aaction%3Dlightbox%26settings%3DeyJpZCI6NjQ5LCJ1cmwiOiJodHRwczpcL1wvZGlueXguZGVcL3dwLWNvbnRlbnRcL3VwbG9hZHNcLzIwMjRcLzAxXC9kaW55eF9kaXJla3RkcnVja19oYW5ub3Zlcl8xNy5qcGciLCJzbGlkZXNob3ciOiI4MzhhODE2In0%3D\">\n\t\t\t\t\t<div class=\"e-gallery-image elementor-gallery-item__image\" data-thumbnail=\"https:\/\/dinyx.de\/wp-content\/uploads\/2024\/01\/dinyx_direktdruck_hannover_17-300x225.jpg\" data-width=\"300\" data-height=\"225\" aria-label=\"dinyX - digitaldruck &amp; werbetechnik in Hannover\" role=\"img\" ><\/div>\n\t\t\t\t\t\t\t\t\t\t\t<div class=\"elementor-gallery-item__overlay\"><\/div>\n\t\t\t\t\t\t\t\t\t\t\t\t\t\t<\/a>\n\t\t\t\t\t\t\t<a class=\"e-gallery-item elementor-gallery-item elementor-animated-content\" href=\"https:\/\/dinyx.de\/wp-content\/uploads\/2024\/01\/dinyx_direktdruck_hannover_15.jpg\" data-elementor-open-lightbox=\"yes\" data-elementor-lightbox-slideshow=\"838a816\" data-elementor-lightbox-title=\"dinyX - digitaldruck &amp; werbetechnik in Hannover\" data-elementor-lightbox-description=\"dinyX - digitaldruck &amp; werbetechnik in Hannover\" data-e-action-hash=\"#elementor-action%3Aaction%3Dlightbox%26settings%3DeyJpZCI6NjQ3LCJ1cmwiOiJodHRwczpcL1wvZGlueXguZGVcL3dwLWNvbnRlbnRcL3VwbG9hZHNcLzIwMjRcLzAxXC9kaW55eF9kaXJla3RkcnVja19oYW5ub3Zlcl8xNS5qcGciLCJzbGlkZXNob3ciOiI4MzhhODE2In0%3D\">\n\t\t\t\t\t<div class=\"e-gallery-image elementor-gallery-item__image\" data-thumbnail=\"https:\/\/dinyx.de\/wp-content\/uploads\/2024\/01\/dinyx_direktdruck_hannover_15-300x199.jpg\" data-width=\"300\" data-height=\"199\" aria-label=\"dinyX - digitaldruck &amp; werbetechnik in Hannover\" role=\"img\" ><\/div>\n\t\t\t\t\t\t\t\t\t\t\t<div class=\"elementor-gallery-item__overlay\"><\/div>\n\t\t\t\t\t\t\t\t\t\t\t\t\t\t<\/a>\n\t\t\t\t\t\t\t<a class=\"e-gallery-item elementor-gallery-item elementor-animated-content\" href=\"https:\/\/dinyx.de\/wp-content\/uploads\/2024\/01\/dinyx_direktdruck_hannover_14.jpg\" data-elementor-open-lightbox=\"yes\" data-elementor-lightbox-slideshow=\"838a816\" data-elementor-lightbox-title=\"dinyX - digitaldruck &amp; werbetechnik in Hannover\" data-elementor-lightbox-description=\"dinyX - digitaldruck &amp; werbetechnik in Hannover\" data-e-action-hash=\"#elementor-action%3Aaction%3Dlightbox%26settings%3DeyJpZCI6NjQ2LCJ1cmwiOiJodHRwczpcL1wvZGlueXguZGVcL3dwLWNvbnRlbnRcL3VwbG9hZHNcLzIwMjRcLzAxXC9kaW55eF9kaXJla3RkcnVja19oYW5ub3Zlcl8xNC5qcGciLCJzbGlkZXNob3ciOiI4MzhhODE2In0%3D\">\n\t\t\t\t\t<div class=\"e-gallery-image elementor-gallery-item__image\" data-thumbnail=\"https:\/\/dinyx.de\/wp-content\/uploads\/2024\/01\/dinyx_direktdruck_hannover_14-300x199.jpg\" data-width=\"300\" data-height=\"199\" aria-label=\"dinyX - digitaldruck &amp; werbetechnik in Hannover\" role=\"img\" ><\/div>\n\t\t\t\t\t\t\t\t\t\t\t<div class=\"elementor-gallery-item__overlay\"><\/div>\n\t\t\t\t\t\t\t\t\t\t\t\t\t\t<\/a>\n\t\t\t\t\t\t\t<a class=\"e-gallery-item elementor-gallery-item elementor-animated-content\" href=\"https:\/\/dinyx.de\/wp-content\/uploads\/2024\/01\/dinyx_direktdruck_hannover_16.jpg\" data-elementor-open-lightbox=\"yes\" data-elementor-lightbox-slideshow=\"838a816\" data-elementor-lightbox-title=\"dinyX - digitaldruck &amp; werbetechnik in Hannover\" data-elementor-lightbox-description=\"dinyX - digitaldruck &amp; werbetechnik in Hannover\" data-e-action-hash=\"#elementor-action%3Aaction%3Dlightbox%26settings%3DeyJpZCI6NjQ4LCJ1cmwiOiJodHRwczpcL1wvZGlueXguZGVcL3dwLWNvbnRlbnRcL3VwbG9hZHNcLzIwMjRcLzAxXC9kaW55eF9kaXJla3RkcnVja19oYW5ub3Zlcl8xNi5qcGciLCJzbGlkZXNob3ciOiI4MzhhODE2In0%3D\">\n\t\t\t\t\t<div class=\"e-gallery-image elementor-gallery-item__image\" data-thumbnail=\"https:\/\/dinyx.de\/wp-content\/uploads\/2024\/01\/dinyx_direktdruck_hannover_16-199x300.jpg\" data-width=\"199\" data-height=\"300\" aria-label=\"dinyX - digitaldruck &amp; werbetechnik in Hannover\" role=\"img\" ><\/div>\n\t\t\t\t\t\t\t\t\t\t\t<div class=\"elementor-gallery-item__overlay\"><\/div>\n\t\t\t\t\t\t\t\t\t\t\t\t\t\t<\/a>\n\t\t\t\t\t\t\t<a class=\"e-gallery-item elementor-gallery-item elementor-animated-content\" href=\"https:\/\/dinyx.de\/wp-content\/uploads\/2024\/01\/dinyx_direktdruck_hannover_13.jpg\" data-elementor-open-lightbox=\"yes\" data-elementor-lightbox-slideshow=\"838a816\" data-elementor-lightbox-title=\"dinyX - digitaldruck &amp; werbetechnik in Hannover\" data-elementor-lightbox-description=\"dinyX - digitaldruck &amp; werbetechnik in Hannover\" data-e-action-hash=\"#elementor-action%3Aaction%3Dlightbox%26settings%3DeyJpZCI6NjQ1LCJ1cmwiOiJodHRwczpcL1wvZGlueXguZGVcL3dwLWNvbnRlbnRcL3VwbG9hZHNcLzIwMjRcLzAxXC9kaW55eF9kaXJla3RkcnVja19oYW5ub3Zlcl8xMy5qcGciLCJzbGlkZXNob3ciOiI4MzhhODE2In0%3D\">\n\t\t\t\t\t<div class=\"e-gallery-image elementor-gallery-item__image\" data-thumbnail=\"https:\/\/dinyx.de\/wp-content\/uploads\/2024\/01\/dinyx_direktdruck_hannover_13-300x225.jpg\" data-width=\"300\" data-height=\"225\" aria-label=\"dinyX - digitaldruck &amp; werbetechnik in Hannover\" role=\"img\" ><\/div>\n\t\t\t\t\t\t\t\t\t\t\t<div class=\"elementor-gallery-item__overlay\"><\/div>\n\t\t\t\t\t\t\t\t\t\t\t\t\t\t<\/a>\n\t\t\t\t\t\t\t<a class=\"e-gallery-item elementor-gallery-item elementor-animated-content\" href=\"https:\/\/dinyx.de\/wp-content\/uploads\/2024\/01\/dinyx_direktdruck_hannover_11.jpg\" data-elementor-open-lightbox=\"yes\" data-elementor-lightbox-slideshow=\"838a816\" data-elementor-lightbox-title=\"dinyX - digitaldruck &amp; werbetechnik in Hannover\" data-elementor-lightbox-description=\"dinyX - digitaldruck &amp; werbetechnik in Hannover\" data-e-action-hash=\"#elementor-action%3Aaction%3Dlightbox%26settings%3DeyJpZCI6NjQzLCJ1cmwiOiJodHRwczpcL1wvZGlueXguZGVcL3dwLWNvbnRlbnRcL3VwbG9hZHNcLzIwMjRcLzAxXC9kaW55eF9kaXJla3RkcnVja19oYW5ub3Zlcl8xMS5qcGciLCJzbGlkZXNob3ciOiI4MzhhODE2In0%3D\">\n\t\t\t\t\t<div class=\"e-gallery-image elementor-gallery-item__image\" data-thumbnail=\"https:\/\/dinyx.de\/wp-content\/uploads\/2024\/01\/dinyx_direktdruck_hannover_11-300x225.jpg\" data-width=\"300\" data-height=\"225\" aria-label=\"dinyX - digitaldruck &amp; werbetechnik in Hannover\" role=\"img\" ><\/div>\n\t\t\t\t\t\t\t\t\t\t\t<div class=\"elementor-gallery-item__overlay\"><\/div>\n\t\t\t\t\t\t\t\t\t\t\t\t\t\t<\/a>\n\t\t\t\t\t\t\t<a class=\"e-gallery-item elementor-gallery-item elementor-animated-content\" href=\"https:\/\/dinyx.de\/wp-content\/uploads\/2024\/01\/dinyx_direktdruck_hannover_10.jpg\" data-elementor-open-lightbox=\"yes\" data-elementor-lightbox-slideshow=\"838a816\" data-elementor-lightbox-title=\"dinyX - digitaldruck &amp; werbetechnik in Hannover\" data-elementor-lightbox-description=\"dinyX - digitaldruck &amp; werbetechnik in Hannover\" data-e-action-hash=\"#elementor-action%3Aaction%3Dlightbox%26settings%3DeyJpZCI6NjQyLCJ1cmwiOiJodHRwczpcL1wvZGlueXguZGVcL3dwLWNvbnRlbnRcL3VwbG9hZHNcLzIwMjRcLzAxXC9kaW55eF9kaXJla3RkcnVja19oYW5ub3Zlcl8xMC5qcGciLCJzbGlkZXNob3ciOiI4MzhhODE2In0%3D\">\n\t\t\t\t\t<div class=\"e-gallery-image elementor-gallery-item__image\" data-thumbnail=\"https:\/\/dinyx.de\/wp-content\/uploads\/2024\/01\/dinyx_direktdruck_hannover_10-300x225.jpg\" data-width=\"300\" data-height=\"225\" aria-label=\"dinyX - digitaldruck &amp; werbetechnik in Hannover\" role=\"img\" ><\/div>\n\t\t\t\t\t\t\t\t\t\t\t<div class=\"elementor-gallery-item__overlay\"><\/div>\n\t\t\t\t\t\t\t\t\t\t\t\t\t\t<\/a>\n\t\t\t\t\t\t\t<a class=\"e-gallery-item elementor-gallery-item elementor-animated-content\" href=\"https:\/\/dinyx.de\/wp-content\/uploads\/2024\/01\/dinyx_direktdruck_hannover_12.jpg\" data-elementor-open-lightbox=\"yes\" data-elementor-lightbox-slideshow=\"838a816\" data-elementor-lightbox-title=\"dinyX - digitaldruck &amp; werbetechnik in Hannover\" data-elementor-lightbox-description=\"dinyX - digitaldruck &amp; werbetechnik in Hannover\" data-e-action-hash=\"#elementor-action%3Aaction%3Dlightbox%26settings%3DeyJpZCI6NjQ0LCJ1cmwiOiJodHRwczpcL1wvZGlueXguZGVcL3dwLWNvbnRlbnRcL3VwbG9hZHNcLzIwMjRcLzAxXC9kaW55eF9kaXJla3RkcnVja19oYW5ub3Zlcl8xMi5qcGciLCJzbGlkZXNob3ciOiI4MzhhODE2In0%3D\">\n\t\t\t\t\t<div class=\"e-gallery-image elementor-gallery-item__image\" data-thumbnail=\"https:\/\/dinyx.de\/wp-content\/uploads\/2024\/01\/dinyx_direktdruck_hannover_12-300x225.jpg\" data-width=\"300\" data-height=\"225\" aria-label=\"dinyX - digitaldruck &amp; werbetechnik in Hannover\" role=\"img\" ><\/div>\n\t\t\t\t\t\t\t\t\t\t\t<div class=\"elementor-gallery-item__overlay\"><\/div>\n\t\t\t\t\t\t\t\t\t\t\t\t\t\t<\/a>\n\t\t\t\t\t\t\t<a class=\"e-gallery-item elementor-gallery-item elementor-animated-content\" href=\"https:\/\/dinyx.de\/wp-content\/uploads\/2024\/01\/dinyx_direktdruck_hannover_08.jpg\" data-elementor-open-lightbox=\"yes\" data-elementor-lightbox-slideshow=\"838a816\" data-elementor-lightbox-title=\"dinyX - digitaldruck &amp; werbetechnik in Hannover\" data-elementor-lightbox-description=\"dinyX - digitaldruck &amp; werbetechnik in Hannover\" data-e-action-hash=\"#elementor-action%3Aaction%3Dlightbox%26settings%3DeyJpZCI6NjQwLCJ1cmwiOiJodHRwczpcL1wvZGlueXguZGVcL3dwLWNvbnRlbnRcL3VwbG9hZHNcLzIwMjRcLzAxXC9kaW55eF9kaXJla3RkcnVja19oYW5ub3Zlcl8wOC5qcGciLCJzbGlkZXNob3ciOiI4MzhhODE2In0%3D\">\n\t\t\t\t\t<div class=\"e-gallery-image elementor-gallery-item__image\" data-thumbnail=\"https:\/\/dinyx.de\/wp-content\/uploads\/2024\/01\/dinyx_direktdruck_hannover_08-300x225.jpg\" data-width=\"300\" data-height=\"225\" aria-label=\"dinyX - digitaldruck &amp; werbetechnik in Hannover\" role=\"img\" ><\/div>\n\t\t\t\t\t\t\t\t\t\t\t<div class=\"elementor-gallery-item__overlay\"><\/div>\n\t\t\t\t\t\t\t\t\t\t\t\t\t\t<\/a>\n\t\t\t\t\t\t\t<a class=\"e-gallery-item elementor-gallery-item elementor-animated-content\" href=\"https:\/\/dinyx.de\/wp-content\/uploads\/2024\/01\/dinyx_direktdruck_hannover_07.jpg\" data-elementor-open-lightbox=\"yes\" data-elementor-lightbox-slideshow=\"838a816\" data-elementor-lightbox-title=\"dinyX - digitaldruck &amp; werbetechnik in Hannover\" data-elementor-lightbox-description=\"dinyX - digitaldruck &amp; werbetechnik in Hannover\" data-e-action-hash=\"#elementor-action%3Aaction%3Dlightbox%26settings%3DeyJpZCI6NjM5LCJ1cmwiOiJodHRwczpcL1wvZGlueXguZGVcL3dwLWNvbnRlbnRcL3VwbG9hZHNcLzIwMjRcLzAxXC9kaW55eF9kaXJla3RkcnVja19oYW5ub3Zlcl8wNy5qcGciLCJzbGlkZXNob3ciOiI4MzhhODE2In0%3D\">\n\t\t\t\t\t<div class=\"e-gallery-image elementor-gallery-item__image\" data-thumbnail=\"https:\/\/dinyx.de\/wp-content\/uploads\/2024\/01\/dinyx_direktdruck_hannover_07-300x225.jpg\" data-width=\"300\" data-height=\"225\" aria-label=\"dinyX - digitaldruck &amp; werbetechnik in Hannover\" role=\"img\" ><\/div>\n\t\t\t\t\t\t\t\t\t\t\t<div class=\"elementor-gallery-item__overlay\"><\/div>\n\t\t\t\t\t\t\t\t\t\t\t\t\t\t<\/a>\n\t\t\t\t\t\t\t<a class=\"e-gallery-item elementor-gallery-item elementor-animated-content\" href=\"https:\/\/dinyx.de\/wp-content\/uploads\/2024\/01\/dinyx_direktdruck_hannover_06.jpg\" data-elementor-open-lightbox=\"yes\" data-elementor-lightbox-slideshow=\"838a816\" data-elementor-lightbox-title=\"dinyX - digitaldruck &amp; werbetechnik in Hannover\" data-elementor-lightbox-description=\"dinyX - digitaldruck &amp; werbetechnik in Hannover\" data-e-action-hash=\"#elementor-action%3Aaction%3Dlightbox%26settings%3DeyJpZCI6NjM4LCJ1cmwiOiJodHRwczpcL1wvZGlueXguZGVcL3dwLWNvbnRlbnRcL3VwbG9hZHNcLzIwMjRcLzAxXC9kaW55eF9kaXJla3RkcnVja19oYW5ub3Zlcl8wNi5qcGciLCJzbGlkZXNob3ciOiI4MzhhODE2In0%3D\">\n\t\t\t\t\t<div class=\"e-gallery-image elementor-gallery-item__image\" data-thumbnail=\"https:\/\/dinyx.de\/wp-content\/uploads\/2024\/01\/dinyx_direktdruck_hannover_06-225x300.jpg\" data-width=\"225\" data-height=\"300\" aria-label=\"dinyX - digitaldruck &amp; werbetechnik in Hannover\" role=\"img\" ><\/div>\n\t\t\t\t\t\t\t\t\t\t\t<div class=\"elementor-gallery-item__overlay\"><\/div>\n\t\t\t\t\t\t\t\t\t\t\t\t\t\t<\/a>\n\t\t\t\t\t\t\t<a class=\"e-gallery-item elementor-gallery-item elementor-animated-content\" href=\"https:\/\/dinyx.de\/wp-content\/uploads\/2024\/01\/dinyx_direktdruck_hannover_05.jpg\" data-elementor-open-lightbox=\"yes\" data-elementor-lightbox-slideshow=\"838a816\" data-elementor-lightbox-title=\"dinyX - digitaldruck &amp; werbetechnik in Hannover\" data-elementor-lightbox-description=\"dinyX - digitaldruck &amp; werbetechnik in Hannover\" data-e-action-hash=\"#elementor-action%3Aaction%3Dlightbox%26settings%3DeyJpZCI6NjM3LCJ1cmwiOiJodHRwczpcL1wvZGlueXguZGVcL3dwLWNvbnRlbnRcL3VwbG9hZHNcLzIwMjRcLzAxXC9kaW55eF9kaXJla3RkcnVja19oYW5ub3Zlcl8wNS5qcGciLCJzbGlkZXNob3ciOiI4MzhhODE2In0%3D\">\n\t\t\t\t\t<div class=\"e-gallery-image elementor-gallery-item__image\" data-thumbnail=\"https:\/\/dinyx.de\/wp-content\/uploads\/2024\/01\/dinyx_direktdruck_hannover_05-300x225.jpg\" data-width=\"300\" data-height=\"225\" aria-label=\"dinyX - digitaldruck &amp; werbetechnik in Hannover\" role=\"img\" ><\/div>\n\t\t\t\t\t\t\t\t\t\t\t<div class=\"elementor-gallery-item__overlay\"><\/div>\n\t\t\t\t\t\t\t\t\t\t\t\t\t\t<\/a>\n\t\t\t\t\t\t\t<a class=\"e-gallery-item elementor-gallery-item elementor-animated-content\" href=\"https:\/\/dinyx.de\/wp-content\/uploads\/2024\/01\/dinyx_direktdruck_hannover_04.jpg\" data-elementor-open-lightbox=\"yes\" data-elementor-lightbox-slideshow=\"838a816\" data-elementor-lightbox-title=\"dinyX - digitaldruck &amp; werbetechnik in Hannover\" data-elementor-lightbox-description=\"dinyX - digitaldruck &amp; werbetechnik in Hannover\" data-e-action-hash=\"#elementor-action%3Aaction%3Dlightbox%26settings%3DeyJpZCI6NjM2LCJ1cmwiOiJodHRwczpcL1wvZGlueXguZGVcL3dwLWNvbnRlbnRcL3VwbG9hZHNcLzIwMjRcLzAxXC9kaW55eF9kaXJla3RkcnVja19oYW5ub3Zlcl8wNC5qcGciLCJzbGlkZXNob3ciOiI4MzhhODE2In0%3D\">\n\t\t\t\t\t<div class=\"e-gallery-image elementor-gallery-item__image\" data-thumbnail=\"https:\/\/dinyx.de\/wp-content\/uploads\/2024\/01\/dinyx_direktdruck_hannover_04-300x225.jpg\" data-width=\"300\" data-height=\"225\" aria-label=\"dinyX - digitaldruck &amp; werbetechnik in Hannover\" role=\"img\" ><\/div>\n\t\t\t\t\t\t\t\t\t\t\t<div class=\"elementor-gallery-item__overlay\"><\/div>\n\t\t\t\t\t\t\t\t\t\t\t\t\t\t<\/a>\n\t\t\t\t\t\t\t<a class=\"e-gallery-item elementor-gallery-item elementor-animated-content\" href=\"https:\/\/dinyx.de\/wp-content\/uploads\/2024\/01\/dinyx_direktdruck_hannover_03.jpg\" data-elementor-open-lightbox=\"yes\" data-elementor-lightbox-slideshow=\"838a816\" data-elementor-lightbox-title=\"dinyX - digitaldruck &amp; werbetechnik in Hannover\" data-elementor-lightbox-description=\"dinyX - digitaldruck &amp; werbetechnik in Hannover\" data-e-action-hash=\"#elementor-action%3Aaction%3Dlightbox%26settings%3DeyJpZCI6NjM1LCJ1cmwiOiJodHRwczpcL1wvZGlueXguZGVcL3dwLWNvbnRlbnRcL3VwbG9hZHNcLzIwMjRcLzAxXC9kaW55eF9kaXJla3RkcnVja19oYW5ub3Zlcl8wMy5qcGciLCJzbGlkZXNob3ciOiI4MzhhODE2In0%3D\">\n\t\t\t\t\t<div class=\"e-gallery-image elementor-gallery-item__image\" data-thumbnail=\"https:\/\/dinyx.de\/wp-content\/uploads\/2024\/01\/dinyx_direktdruck_hannover_03-225x300.jpg\" data-width=\"225\" data-height=\"300\" aria-label=\"dinyX - digitaldruck &amp; werbetechnik in Hannover\" role=\"img\" ><\/div>\n\t\t\t\t\t\t\t\t\t\t\t<div class=\"elementor-gallery-item__overlay\"><\/div>\n\t\t\t\t\t\t\t\t\t\t\t\t\t\t<\/a>\n\t\t\t\t\t\t\t<a class=\"e-gallery-item elementor-gallery-item elementor-animated-content\" href=\"https:\/\/dinyx.de\/wp-content\/uploads\/2024\/01\/dinyx_direktdruck_hannover_02.jpg\" data-elementor-open-lightbox=\"yes\" data-elementor-lightbox-slideshow=\"838a816\" data-elementor-lightbox-title=\"dinyX - digitaldruck &amp; werbetechnik in Hannover\" data-elementor-lightbox-description=\"dinyX - digitaldruck &amp; werbetechnik in Hannover\" data-e-action-hash=\"#elementor-action%3Aaction%3Dlightbox%26settings%3DeyJpZCI6NjM0LCJ1cmwiOiJodHRwczpcL1wvZGlueXguZGVcL3dwLWNvbnRlbnRcL3VwbG9hZHNcLzIwMjRcLzAxXC9kaW55eF9kaXJla3RkcnVja19oYW5ub3Zlcl8wMi5qcGciLCJzbGlkZXNob3ciOiI4MzhhODE2In0%3D\">\n\t\t\t\t\t<div class=\"e-gallery-image elementor-gallery-item__image\" data-thumbnail=\"https:\/\/dinyx.de\/wp-content\/uploads\/2024\/01\/dinyx_direktdruck_hannover_02-300x200.jpg\" data-width=\"300\" data-height=\"200\" aria-label=\"dinyX - digitaldruck &amp; werbetechnik in Hannover\" role=\"img\" ><\/div>\n\t\t\t\t\t\t\t\t\t\t\t<div class=\"elementor-gallery-item__overlay\"><\/div>\n\t\t\t\t\t\t\t\t\t\t\t\t\t\t<\/a>\n\t\t\t\t\t\t\t<a class=\"e-gallery-item elementor-gallery-item elementor-animated-content\" href=\"https:\/\/dinyx.de\/wp-content\/uploads\/2024\/01\/dinyx_direktdruck_hannover_01.jpg\" data-elementor-open-lightbox=\"yes\" data-elementor-lightbox-slideshow=\"838a816\" data-elementor-lightbox-title=\"dinyX - digitaldruck &amp; werbetechnik in Hannover\" data-elementor-lightbox-description=\"dinyX - digitaldruck &amp; werbetechnik in Hannover\" data-e-action-hash=\"#elementor-action%3Aaction%3Dlightbox%26settings%3DeyJpZCI6NjMzLCJ1cmwiOiJodHRwczpcL1wvZGlueXguZGVcL3dwLWNvbnRlbnRcL3VwbG9hZHNcLzIwMjRcLzAxXC9kaW55eF9kaXJla3RkcnVja19oYW5ub3Zlcl8wMS5qcGciLCJzbGlkZXNob3ciOiI4MzhhODE2In0%3D\">\n\t\t\t\t\t<div class=\"e-gallery-image elementor-gallery-item__image\" data-thumbnail=\"https:\/\/dinyx.de\/wp-content\/uploads\/2024\/01\/dinyx_direktdruck_hannover_01-300x200.jpg\" data-width=\"300\" data-height=\"200\" aria-label=\"dinyX - digitaldruck &amp; werbetechnik in Hannover\" role=\"img\" ><\/div>\n\t\t\t\t\t\t\t\t\t\t\t<div class=\"elementor-gallery-item__overlay\"><\/div>\n\t\t\t\t\t\t\t\t\t\t\t\t\t\t<\/a>\n\t\t\t\t\t<\/div>\n\t\t\t\t\t<\/div>\n\t\t\t\t\t<\/div>\n\t\t\t\t<\/div>\n\t\t\t\t<\/div>\n\t\t","protected":false},"excerpt":{"rendered":"<p>Entdecken Sie den Digitaldruck neu Plattendirektdruck in Hannover UV-Plattendrucksystem OC\u00c8 Arizona 1360 XT mit wei\u00df Mit dem Plattendirektdruck erschlie\u00dfen sich ungeahnte neue M\u00f6glichkeiten im Digitaldruck. Die Arizona ist ein UV-Drucksystem, mit dem wir starre Materialien bis zu einem Format von 250 x 308 cm und einer St\u00e4rke von 50 mm direkt bedrucken k\u00f6nnen. Durch die [&hellip;]<\/p>\n","protected":false},"author":1,"featured_media":0,"parent":0,"menu_order":0,"comment_status":"closed","ping_status":"open","template":"","meta":{"footnotes":""},"class_list":["post-3051","page","type-page","status-publish","hentry"],"_links":{"self":[{"href":"https:\/\/dinyx.de\/index.php\/wp-json\/wp\/v2\/pages\/3051","targetHints":{"allow":["GET"]}}],"collection":[{"href":"https:\/\/dinyx.de\/index.php\/wp-json\/wp\/v2\/pages"}],"about":[{"href":"https:\/\/dinyx.de\/index.php\/wp-json\/wp\/v2\/types\/page"}],"author":[{"embeddable":true,"href":"https:\/\/dinyx.de\/index.php\/wp-json\/wp\/v2\/users\/1"}],"replies":[{"embeddable":true,"href":"https:\/\/dinyx.de\/index.php\/wp-json\/wp\/v2\/comments?post=3051"}],"version-history":[{"count":15,"href":"https:\/\/dinyx.de\/index.php\/wp-json\/wp\/v2\/pages\/3051\/revisions"}],"predecessor-version":[{"id":3097,"href":"https:\/\/dinyx.de\/index.php\/wp-json\/wp\/v2\/pages\/3051\/revisions\/3097"}],"wp:attachment":[{"href":"https:\/\/dinyx.de\/index.php\/wp-json\/wp\/v2\/media?parent=3051"}],"curies":[{"name":"wp","href":"https:\/\/api.w.org\/{rel}","templated":true}]}}