{"id":521,"date":"2024-01-15T22:53:30","date_gmt":"2024-01-15T22:53:30","guid":{"rendered":"https:\/\/serene-chatelet.138-201-86-160.plesk.page\/?page_id=521"},"modified":"2024-02-05T15:10:59","modified_gmt":"2024-02-05T15:10:59","slug":"layout","status":"publish","type":"page","link":"https:\/\/dinyx.de\/index.php\/layout\/","title":{"rendered":"Layout"},"content":{"rendered":"\t\t<div data-elementor-type=\"wp-page\" data-elementor-id=\"521\" class=\"elementor elementor-521\" data-elementor-post-type=\"page\">\n\t\t\t\t<div class=\"elementor-element elementor-element-ff1e8cd e-flex e-con-boxed e-con e-parent\" data-id=\"ff1e8cd\" data-element_type=\"container\">\n\t\t\t\t\t<div class=\"e-con-inner\">\n\t\t<div class=\"elementor-element elementor-element-13ffdc9 e-flex e-con-boxed e-con e-child\" data-id=\"13ffdc9\" data-element_type=\"container\">\n\t\t\t\t\t<div class=\"e-con-inner\">\n\t\t\t\t<div class=\"elementor-element elementor-element-ba1de3f elementor-widget elementor-widget-heading\" data-id=\"ba1de3f\" data-element_type=\"widget\" data-widget_type=\"heading.default\">\n\t\t\t\t\t<h1 class=\"elementor-heading-title elementor-size-default\">F\u00fcr den Innen- und Au\u00dfenbereich aus Hannover<\/h1>\t\t\t\t<\/div>\n\t\t\t\t\t<\/div>\n\t\t\t\t<\/div>\n\t\t\t\t\t<\/div>\n\t\t\t\t<\/div>\n\t\t<div class=\"elementor-element elementor-element-78f6357 e-flex e-con-boxed e-con e-parent\" data-id=\"78f6357\" data-element_type=\"container\">\n\t\t\t\t\t<div class=\"e-con-inner\">\n\t\t<div class=\"elementor-element elementor-element-80166b8 e-con-full e-flex e-con e-child\" data-id=\"80166b8\" data-element_type=\"container\">\n\t\t\t\t<div class=\"elementor-element elementor-element-684551a elementor-widget elementor-widget-heading\" data-id=\"684551a\" data-element_type=\"widget\" data-widget_type=\"heading.default\">\n\t\t\t\t\t<h2 class=\"elementor-heading-title elementor-size-default\">CI &amp; CD Erstellung<\/h2>\t\t\t\t<\/div>\n\t\t\t\t<div class=\"elementor-element elementor-element-c6e7762 elementor-widget-mobile__width-initial elementor-widget elementor-widget-text-editor\" data-id=\"c6e7762\" data-element_type=\"widget\" data-widget_type=\"text-editor.default\">\n\t\t\t\t\t\t\t\t\t<p>Corporate Identity (CI) und Corporate Design (CD) \u2013 zwei wichtige Grundlagen f\u00fcr Ihren Erfolg. Unsere Aufgabe ist es, Ihr Unternehmen durch ziel\u00adgrup\u00adpen\u00adorientierte Gestaltung Ihrer CI am Markt hervor\u00adzuheben.<\/p><p>Die Umsetzung beginnt mit der Schaffung eines entsprechenden CD, welches wir im Dialog mit Ihnen erarbeiten.<\/p><p>Hierbei sind wir Ihr Ansprechpartner sowohl f\u00fcr die Logoerstellung als auch f\u00fcr die Zusammensetzung vorhandener Designs zu einem fertigen Layout bis hin zu der kompletten Konzepterarbeitung f\u00fcr ein auf Ihr Unternehmen zugeschnittenes einheitliches Design.<\/p>\t\t\t\t\t\t\t\t<\/div>\n\t\t\t\t<\/div>\n\t\t<div class=\"elementor-element elementor-element-7895869 e-con-full e-flex e-con e-child\" data-id=\"7895869\" data-element_type=\"container\">\n\t\t\t\t<div class=\"elementor-element elementor-element-90c84e1 elementor-widget elementor-widget-heading\" data-id=\"90c84e1\" data-element_type=\"widget\" data-widget_type=\"heading.default\">\n\t\t\t\t\t<h2 class=\"elementor-heading-title elementor-size-default\">Logoentwurf &amp; -gestaltung<\/h2>\t\t\t\t<\/div>\n\t\t\t\t<div class=\"elementor-element elementor-element-0c20ede elementor-widget elementor-widget-text-editor\" data-id=\"0c20ede\" data-element_type=\"widget\" data-widget_type=\"text-editor.default\">\n\t\t\t\t\t\t\t\t\t<p><strong>Das richtige Logo war noch nie so wichtig wie in der heutigen Zeit.<\/strong><\/p><p>Es soll eine klare Aussage \u00fcber die Ziele Ihrer Firma abgeben, muss sich aber den sehr umfangreichen technischen M\u00f6glichkeiten anpassen, um auf den zur Verf\u00fcgung stehenden Medien Ihre CI &amp; CD zu erhalten.<\/p><p>Durch Markt- und Zielgruppenanalysen helfen wir Ihnen nicht nur im Vorfeld ein f\u00fcr Ihre Bed\u00fcrfnisse geeignetes Logo zu finden \u2013 wir stehen Ihnen auch bei der Umsetzung von Ihrem Logo in die aktuellen Medien zur Seite.<\/p>\t\t\t\t\t\t\t\t<\/div>\n\t\t\t\t<\/div>\n\t\t<div class=\"elementor-element elementor-element-cf0208c e-con-full e-flex e-con e-child\" data-id=\"cf0208c\" data-element_type=\"container\">\n\t\t\t\t<div class=\"elementor-element elementor-element-5033f3b elementor-widget elementor-widget-heading\" data-id=\"5033f3b\" data-element_type=\"widget\" data-widget_type=\"heading.default\">\n\t\t\t\t\t<h2 class=\"elementor-heading-title elementor-size-default\">Layout<\/h2>\t\t\t\t<\/div>\n\t\t\t\t<div class=\"elementor-element elementor-element-66ef5b7 elementor-widget elementor-widget-text-editor\" data-id=\"66ef5b7\" data-element_type=\"widget\" data-widget_type=\"text-editor.default\">\n\t\t\t\t\t\t\t\t\t<p>F\u00fcr den guten Start in eine neue erfolgreiche Karriere oder den Ausbau eines bestehenden Gesch\u00e4ftes sind klare und aussagekr\u00e4ftige Gesch\u00e4ftspapiere, Info\u00adbrosch\u00fcren und sonstige Drucksachen eine sehr wichtige Grundlage.<\/p><p>Wir stellen Ihnen gern unsere langj\u00e4hrige Erfahrung in diesem Bereich zur Verf\u00fcgung.<\/p>\t\t\t\t\t\t\t\t<\/div>\n\t\t\t\t<div class=\"elementor-element elementor-element-2d03b2d elementor-widget elementor-widget-image\" data-id=\"2d03b2d\" data-element_type=\"widget\" data-widget_type=\"image.default\">\n\t\t\t\t\t\t\t\t\t\t\t\t\t\t\t<img fetchpriority=\"high\" decoding=\"async\" width=\"330\" height=\"200\" src=\"https:\/\/dinyx.de\/wp-content\/uploads\/2024\/01\/dinyx_ci_cd_erstellung.jpg\" class=\"attachment-large size-large wp-image-247\" alt=\"dinyX - digitaldruck &amp; werbetechnik in Hannover\" srcset=\"https:\/\/dinyx.de\/wp-content\/uploads\/2024\/01\/dinyx_ci_cd_erstellung.jpg 330w, https:\/\/dinyx.de\/wp-content\/uploads\/2024\/01\/dinyx_ci_cd_erstellung-300x182.jpg 300w\" sizes=\"(max-width: 330px) 100vw, 330px\" \/>\t\t\t\t\t\t\t\t\t\t\t\t\t\t\t<\/div>\n\t\t\t\t<\/div>\n\t\t\t\t\t<\/div>\n\t\t\t\t<\/div>\n\t\t<div class=\"elementor-element elementor-element-b630966 e-flex e-con-boxed e-con e-parent\" data-id=\"b630966\" data-element_type=\"container\" data-settings=\"{&quot;background_background&quot;:&quot;classic&quot;}\">\n\t\t\t\t\t<div class=\"e-con-inner\">\n\t\t<div class=\"elementor-element elementor-element-77effd2 e-flex e-con-boxed e-con e-child\" data-id=\"77effd2\" data-element_type=\"container\">\n\t\t\t\t\t<div class=\"e-con-inner\">\n\t\t\t\t<div class=\"elementor-element elementor-element-b50226e elementor-widget elementor-widget-heading\" data-id=\"b50226e\" data-element_type=\"widget\" data-widget_type=\"heading.default\">\n\t\t\t\t\t<h2 class=\"elementor-heading-title elementor-size-default\">Satz<\/h2>\t\t\t\t<\/div>\n\t\t\t\t<div class=\"elementor-element elementor-element-3702abe elementor-widget__width-initial elementor-widget elementor-widget-text-editor\" data-id=\"3702abe\" data-element_type=\"widget\" data-widget_type=\"text-editor.default\">\n\t\t\t\t\t\t\t\t\t<p>Ein auf Ihr Unternehmen angepasstes einheitliches Design steht ebenfalls im Satzbereich als oberste Priorit\u00e4t. Ob Drucksachen, Beschriftungen, Internetseiten etc., unser Team gestaltet s\u00e4mtliche Vorlagen, die man f\u00fcr den weiteren Produktionsbereich ben\u00f6tigt.<\/p><p>Die enge Zusammenarbeit mit unseren Kunden erm\u00f6glicht eine optimale Umsetzung Ihrer eigenen Ideen, wobei einfache Handskizzen als Vorlagen ausreichen.<\/p><p>Unter Ber\u00fccksichtigung aller \u00c4nderungsw\u00fcnsche liefert uns das Endergebnis im Satz die beste Voraussetzung f\u00fcr eine fehlerfreie und schnelle Produktion.<\/p>\t\t\t\t\t\t\t\t<\/div>\n\t\t\t\t\t<\/div>\n\t\t\t\t<\/div>\n\t\t\t\t\t<\/div>\n\t\t\t\t<\/div>\n\t\t\t\t<\/div>\n\t\t","protected":false},"excerpt":{"rendered":"<p>F\u00fcr den Innen- und Au\u00dfenbereich aus Hannover CI &#038; CD Erstellung Corporate Identity (CI) und Corporate Design (CD) \u2013 zwei wichtige Grundlagen f\u00fcr Ihren Erfolg. Unsere Aufgabe ist es, Ihr Unternehmen durch ziel\u00adgrup\u00adpen\u00adorientierte Gestaltung Ihrer CI am Markt hervor\u00adzuheben. Die Umsetzung beginnt mit der Schaffung eines entsprechenden CD, welches wir im Dialog mit Ihnen erarbeiten. [&hellip;]<\/p>\n","protected":false},"author":1,"featured_media":0,"parent":0,"menu_order":0,"comment_status":"closed","ping_status":"open","template":"","meta":{"footnotes":""},"class_list":["post-521","page","type-page","status-publish","hentry"],"_links":{"self":[{"href":"https:\/\/dinyx.de\/index.php\/wp-json\/wp\/v2\/pages\/521","targetHints":{"allow":["GET"]}}],"collection":[{"href":"https:\/\/dinyx.de\/index.php\/wp-json\/wp\/v2\/pages"}],"about":[{"href":"https:\/\/dinyx.de\/index.php\/wp-json\/wp\/v2\/types\/page"}],"author":[{"embeddable":true,"href":"https:\/\/dinyx.de\/index.php\/wp-json\/wp\/v2\/users\/1"}],"replies":[{"embeddable":true,"href":"https:\/\/dinyx.de\/index.php\/wp-json\/wp\/v2\/comments?post=521"}],"version-history":[{"count":22,"href":"https:\/\/dinyx.de\/index.php\/wp-json\/wp\/v2\/pages\/521\/revisions"}],"predecessor-version":[{"id":2962,"href":"https:\/\/dinyx.de\/index.php\/wp-json\/wp\/v2\/pages\/521\/revisions\/2962"}],"wp:attachment":[{"href":"https:\/\/dinyx.de\/index.php\/wp-json\/wp\/v2\/media?parent=521"}],"curies":[{"name":"wp","href":"https:\/\/api.w.org\/{rel}","templated":true}]}}